e the remainder when x is divided by 13.
9
Calculate the remainder when 15 is divided by (-7)/(-2) + (-13)/(-26).
3
Let p be -2*-1*(0 - -1). Suppose -4*w + 7*i - 3*i = 12, 0 = -p*w + 3*i - 5. What is the remainder when 21 is divided by 16 + w + 1 - 1?
9
Suppose -g + 3 = u - 0*u, 0 = 2*u. Let w be (-1 + g/6)*-12. What is the remainder when 344/w - (-6)/9 is divided by 15?
13
Calculate the remainder when (-32)/(-1) + 0/4 is divided by 9.
5
Let m be (-28)/(-21)*6/4. What is the remainder when m/2*141/3 is divided by 12?
11
Calculate the remainder when 2 is divided by (-5)/10*2 - -2.
0
Suppose 2*x + x - 57 = 0. Let c(j) = -j**3 + 2. Calculate the remainder when x is divided by c(-2).
9
Suppose -2*t + 6 + 2 = 0. Calculate the remainder when 15 is divided by t.
3
Suppose -49 = -5*c + 6. Let l(v) = -6*v + v**2 + 4 + 7*v - 11*v. What is the remainder when l(c) is divided by 8?
7
Suppose 3*u + 5*a - 41 = 0, a - 37 = -2*u - u. Let z(l) = 2*l + 78. Calculate the remainder when z(-17) is divided by u.
8
Suppose 0 = -4*k - 72. What is the remainder when 1 is divided by (-14)/k - (-10)/45?
0
Suppose 0 = -a + 5, -4*y - a + 85 = -0*y. What is the remainder when 79 is divided by y?
19
Let b be 8/(-6)*(-6)/4. Suppose -4*u - 44 = b*p - 6*p, 2*u = -4*p - 34. Let o = 20 + u. What is the remainder when 19 is divided by o?
5
Suppose 3*k + 24 = 5*k - 2*i, 6 = k + 5*i. Let t = 5 - 2. Suppose -2*u + 24 = 2*c, t*u + 4*c = -k + 46. What is the remainder when 38 is divided by u?
12
Let h(s) = s**3 - 7*s**2 + 4*s + 8. Let i be h(6). Calculate the remainder when (-4)/(-16) + (-199)/i is divided by 52/(-6)*3/(-2).
11
Suppose -5*u = -5, -4*u + 7*u + 39 = 3*b. Suppose -5*j = -3*j - 78. What is the remainder when j is divided by b?
11
Calculate the remainder when (-1 - -183)/(17 + -15) is divided by 23.
22
Suppose 5*q - 175 = -5*r + q, -2*r + 3*q + 47 = 0. Calculate the remainder when r is divided by 8.
7
What is the remainder when (2 + (-8)/12)*27 is divided by 13?
10
Let x(i) = -6 - 3*i + i**3 - 4*i + 6*i**2 + 0*i. Let h be x(-7). What is the remainder when 64/3 + (-4)/h is divided by 8?
6
Let z be -3*-1*30/9. Let r be (-25)/z*4/(-5). Suppose -5*o + 17 - r = 0. Calculate the remainder when o is divided by 2.
1
Let l = -7 - -13. What is the remainder when 15 is divided by l?
3
Suppose -5*l + 3 = -12. Suppose -l*a + 2 = -4*g - 14, 1 = -5*g - a. Calculate the remainder when 12 is divided by (g + 0)*(-6 - 1).
5
Let s(h) = 23*h. Calculate the remainder when s(1) is divided by 12.
11
Let y = 20 + -8. Calculate the remainder when (2/(-4))/(5/(-230)) is divided by y.
11
Let t(m) = m**3 - 8*m**2 + 7*m + 7. Let b be t(7). Let l(y) = y**2 - 7*y + 3. What is the remainder when 3 is divided by l(b)?
0
Let t(y) = -y**2 - 4*y + 1. Let n(m) = -m**3 + 5*m**2 - m + 1. Let v be n(5). Calculate the remainder when ((-6)/15)/((-3)/15) is divided by t(v).
0
Let h(t) be the second derivative of 13/12*t**4 - t - 1/6*t**3 - 1/2*t**2 + 0. Calculate the remainder when 37 is divided by h(-1).
11
Let c be -1 + -1 + 5 - 0. Let x(b) = -82*b + 1. Let i be x(-2). Suppose 0 = -j - c*j + 20, j = -5*u + i. What is the remainder when u is divided by 11?
10
What is the remainder when 611/(-26)*(-6 + 2) is divided by 24?
22
Calculate the remainder when (-614)/(-4) + 3/(-2) is divided by 31.
28
Let z = 19 - 10. Calculate the remainder when 16 is divided by z.
7
Suppose -3*h + 35 = 2*h. What is the remainder when h is divided by 2?
1
Let j be (2 + 0 + -1)*13. Suppose 1 = -4*g + j. Let t = g + 10. Calculate the remainder when 24 is divided by t.
11
Let m(z) be the first derivative of 3*z**4 + z + 1. Suppose g = u - 5*u + 5, g - u = 0. Calculate the remainder when m(g) is divided by 5.
3
Let t = -12 + 31. Calculate the remainder when 55 is divided by t.
17
Let d(r) = -r**3 - 16*r**2 + 33*r - 14. What is the remainder when d(-18) is divided by 1/((-1)/(-21)*1)?
19
Let l = -38 - -68. What is the remainder when l is divided by (-98)/(-6) + (-1)/3?
14
Let d = 15 + 7. Let p = 116 - 52. What is the remainder when p is divided by d?
20
Let k(g) = g**3 - 4*g**2 - 11*g + 5. What is the remainder when 27 is divided by k(6)?
5
Let x = 19 - -2. Suppose -4*b + 15 = -29. Calculate the remainder when x is divided by b.
10
Calculate the remainder when (4/(-4) - 52)/(-1) is divided by 9.
8
Let h = -2 - -4. Suppose 5*z - 3*d = -35, h*z - z + 14 = 2*d. Calculate the remainder when ((-2)/z)/((-2)/(-156)) is divided by 20.
19
Calculate the remainder when -2 - (-134)/10 - 14/35 is divided by 5.
1
Let o = 88 - -49. What is the remainder when o is divided by 35?
32
Let d = -4 - -20. Let b = -6 + d. Suppose -3*x = -5 - b. Calculate the remainder when 13 is divided by x.
3
Suppose 0*x = -x + 5*s - 12, 3*s - 28 = -2*x. Suppose 0 = -2*a + 2 + 4. What is the remainder when x is divided by a?
2
Let k = 21 + -11. What is the remainder when k is divided by 6?
4
Calculate the remainder when ((-1)/(-2))/(15/180) is divided by 5.
1
Let v(z) = -z + 14. Let t be v(0). Suppose 0 = -0*d + d - t. What is the remainder when d is divided by 5?
4
Suppose -15 = -12*n + 189. Calculate the remainder when 42 is divided by n.
8
Let o be 8/(-6)*(-3 - 9). Let r(b) = b**2 + 12*b + 14. Calculate the remainder when (o/6)/((-2)/(-6)) is divided by r(-11).
2
Let k be (-616)/18 + (-2)/(-9). Let a = 52 + k. What is the remainder when a is divided by 1/1*(-2 + 12)?
8
Suppose -60 = 3*j + 2*j. Let t = j - -22. Suppose 0 = 4*x - 3*l - 1, l - 9 - 16 = -5*x. What is the remainder when t is divided by x?
2
Let w be 136/12 + 2/3. What is the remainder when 17 is divided by (w/(-24))/((-1)/20)?
7
Suppose 0 = 3*p + 5*g - 661, -4*p - 311 = 3*g - 1185. What is the remainder when p is divided by 22?
19
Suppose 8 = -2*n + 6*n. What is the remainder when (-2)/4 - (-11)/n is divided by 3?
2
Let a(n) be the second derivative of n**3/2 - n**2 - n. Calculate the remainder when 28 is divided by a(4).
8
Suppose -2 = 4*t + 5*v - 39, -2*t + 4*v + 12 = 0. Let l(z) = -z**3 + 2*z**2 + z + 27. Calculate the remainder when l(0) is divided by t.
3
Suppose -2*k = -4*k + 38. Suppose -z + 375 = 4*z. Calculate the remainder when z is divided by k.
18
Suppose -r = 7 - 22. Let j = r + -11. Calculate the remainder when 7 is divided by j.
3
Let x = 102 + -70. Suppose y - 5*y + 68 = 0. Calculate the remainder when x is divided by y.
15
Suppose -10*i + 65 = -5*i. What is the remainder when 62 is divided by i?
10
Let f = -4 - -7. What is the remainder when 8 is divided by f?
2
Suppose 0 + 27 = 3*c. Suppose 4*v + 3*d = 21, d + 3 - 12 = -2*v. What is the remainder when c is divided by v?
0
Suppose 5*l - 3*l - 15 = -3*s, 4*s - 4*l - 40 = 0. Let h(k) be the second derivative of k**3/2 - k**2/2 - 2*k. What is the remainder when h(s) is divided by 7?
6
Suppose 0 = 5*j - 2*k - 445, j - 2*k + 21 - 110 = 0. What is the remainder when j is divided by 32?
25
Let u(q) = q**2 + 12. Suppose 0 = 2*x + 3*x - 5, 0 = 3*o - 2*x + 2. What is the remainder when ((-70)/4)/((-2)/4) is divided by u(o)?
11
Let x = 67 - 43. Calculate the remainder when 93 is divided by x.
21
Let u(n) = -n - 4. Calculate the remainder when u(-8) is divided by ((-12)/(-8))/(6/8).
0
Let j(t) = -14*t + 1. Let r = 1 + 10. What is the remainder when j(-3) is divided by r?
10
Suppose 0 = 4*x - 0 - 8. Suppose -5 = -t + i, -3 = t + 2*i + 1. Suppose 3*n = t*n + 5. What is the remainder when n is divided by x?
1
Suppose 3*r - 4*r + 15 = 0. Suppose -4*k = q, 2*q + r = 3*k - q. Calculate the remainder when 1 is divided by k.
0
Let x(n) = 10*n**3 - n**2 + n - 1. Let j = -31 + 74. Calculate the remainder when j is divided by x(1).
7
Let j(v) = 7*v - 58. What is the remainder when 160 is divided by j(16)?
52
Let g(p) = -7*p**2 - p**2 - 6 + 2*p**2 - 2*p - 7*p**2 - p**3. What is the remainder when g(-13) is divided by 7?
6
Let k be (0/3)/((-10)/(-5)). Suppose t + k*t = 12. Calculate the remainder when 23 is divided by t.
11
Let o = -1 + 7. Suppose -3*k = 4*i - 16, 4 = -i + 2*i - 4*k. What is the remainder when o is divided by i?
2
Let t(a) = a**2 + 16. Let f be t(0). Let q = 23 - f. Calculate the remainder when q is divided by 4.
3
Suppose 7*a + 2*u = 8*a - 18, 2*a + 3*u = 8. What is the remainder when 17 is divided by a?
7
Suppose -4*u + 5*h + 1 = 9, -2*h + 11 = u. Su